 - 2*u = u + 63. What is the units digit of r?
6
Let o be (-2 - 1)/(-1) + -12. Let d(i) = -12*i - i**3 + 0 - 7 - 6 - 10*i**2. What is the tens digit of d(o)?
1
Let n(t) = 60*t - 3. Let k be n(2). Suppose r = -2*r + k. What is the tens digit of r?
3
Let n = 27 + 5. What is the units digit of n?
2
Suppose -2*f + 4*y + 4 = -2, -2*f + 4 = -5*y. Let i(c) = c**3 - 8*c**2 + 6*c + 9. Let o be i(f). What is the units digit of o/8 - (-46)/8?
6
Let m be (-3)/5 + 2/(-5). What is the tens digit of 2 + 1 - (-20 - m)?
2
Let l(q) be the first derivative of q**4/4 - 5*q**3/3 - 5*q**2/2 + 4. What is the units digit of l(6)?
6
Let b = -12 - -19. Let k(t) = -t**3 + 8*t**2 - 8*t + 9. Let z be k(b). Suppose -11 = -w - z*w - r, -3*r = -4*w - 7. What is the units digit of w?
2
What is the tens digit of 2145/9 - (-6)/(-90)*5?
3
Let c(q) = -q**2 + 12*q + 1. Let y be c(6). Suppose 2*n - n = -j + y, 83 = 2*n + 5*j. What is the tens digit of n?
3
Suppose 0 = 2*t - t - 135. Suppose -3*q + t = 2*q. What is the tens digit of q?
2
Let t = 34 - 9. Suppose -t = -5*b - 4*f, 3*b - 28 = b + 2*f. Let s = -4 + b. What is the units digit of s?
5
Suppose 3*h = -15 + 3, 0 = -4*y + 5*h + 148. What is the tens digit of y?
3
What is the tens digit of (-3*868/105)/(1/(-5))?
2
Suppose 410 = 2*z + c, -11 = -4*c - 3. What is the units digit of z?
4
Suppose 29 = -v + 83. Suppose -2*m = 3*h - m - 177, -v = -h - 2*m. Suppose 0 = -4*r - 2*u + h, -u - 32 = -4*r + 4*u. What is the units digit of r?
3
Suppose -30 = -4*y - y. Suppose -25 = -5*q, y*q = x + q + 3. What is the units digit of x?
2
What is the tens digit of -3*((-85)/3 - -5)?
7
Let o = -66 - -176. What is the tens digit of o?
1
Let j(z) = z**2 - 2*z + 7. Let c be j(-7). Suppose -3*b - 4*v = -50, -4*v + c = 4*b + 2. Let k = -9 + b. What is the units digit of k?
9
Suppose 2*b - 36 = -0*b. Suppose -v - 2*v - 2*x = -b, v = -x + 6. Let k = -1 + v. What is the units digit of k?
5
Suppose 5*w = 2*j - 9, -4 = -3*j + 2. Let c = 14 - w. What is the tens digit of c?
1
Let l be (-4 - 0)/(1/(-2)). Let i be 1*-2*(-16)/l. Suppose 25 = i*x - 43. What is the units digit of x?
7
Let w = 3 + -5. Let p be 1 + w - -2 - -6. Let a = p + -5. What is the units digit of a?
2
Let l(b) = 2*b**2 - 7*b - 13. What is the tens digit of l(-3)?
2
Let v(j) = -6*j + 1. Let p be (-3)/((-2)/(4/3)). Suppose p*z + 0 = -2. What is the units digit of v(z)?
7
Suppose -u + 1 + 1 = 0. What is the units digit of (-9)/(-3) + (u - 0)?
5
Let k be (8*21)/(-4) - -2. What is the tens digit of (60/16)/((-6)/k)?
2
What is the hundreds digit of (413/28)/(1/24 - 0)?
3
Let i(l) = 25*l**2 - 5*l + 6. What is the hundreds digit of i(-3)?
2
What is the tens digit of (-10)/(-35) - (-472)/14?
3
Let t = 22 + -13. Let s(p) be the second derivative of p**3/6 - 7*p**2/2 - 2*p. What is the units digit of s(t)?
2
Suppose -z - 4*z = m - 39, -5*z = 3*m - 37. What is the units digit of z?
8
Let o = -48 + 91. What is the tens digit of o?
4
What is the tens digit of ((-2)/(-6))/((-6)/(-1854))?
0
Let z(j) = j**3 - 6*j**2 + 4*j + 3. Let x be z(5). What is the units digit of (10/(-3))/(x/3)?
5
What is the hundreds digit of (8/10)/2 + (-18228)/(-105)?
1
Suppose 0 = 5*l - 4*l - 6. What is the tens digit of 34*((-3)/l - -1)?
1
Let b = -55 + 163. Let c = b - 73. What is the units digit of c?
5
What is the tens digit of 120/2 + 1/((-1)/1)?
5
Let s = -7 - -7. Suppose 0 = -z + 16 - s. What is the tens digit of z?
1
Suppose -9*q = -1307 + 362. What is the tens digit of q?
0
Let n = -10 - -13. What is the units digit of n?
3
Let c = 36 - 52. Suppose -2*l + 3*l + 22 = 0. Let h = c - l. What is the units digit of h?
6
Let l(p) = -2*p**2 + 7*p - 6. Let i = 9 - 5. Let o be l(i). Let y = o - -14. What is the units digit of y?
4
Let o(h) = -15*h - 10. What is the tens digit of o(-5)?
6
Let f = 41 - 13. What is the tens digit of f?
2
What is the units digit of (-38)/4*(2 - 36)?
3
Let t be (-124)/(-14) + 3/21. Let q be t/(-6)*(0 - 2). Let g = q - -4. What is the units digit of g?
7
Let l(s) = -s**2 + 3*s. Let f be l(3). Let q be (f/(5 + -2))/2. Suppose q = -i + 4, i - 16 = -4*v. What is the units digit of v?
3
Suppose -2*u - 76 = -5*y + 192, -4*y + 221 = 5*u. What is the tens digit of y?
5
Let p(d) = d**3 - 7*d**2 + 6*d + 4. What is the units digit of p(6)?
4
Suppose -19 = 4*b - 47. What is the units digit of b?
7
Suppose 0 = 3*k - 4*k + 6. Suppose u - 3 - k = 0. What is the units digit of u?
9
Suppose 2*w = 3*u - 6, u + 2 = 2*u - w. Let g = 6 - u. What is the units digit of g?
4
What is the tens digit of (4 - 42/(-4))*4?
5
Suppose v + 2*f = -0*v + 6, 3*v = -4*f + 12. Suppose 3*b - 1 + 4 = v. What is the units digit of (-4 - -1)*1/b?
3
Let h be ((-18)/7)/((-1)/(-7)). What is the tens digit of (24/h)/(3/(-63))?
2
Suppose 3*f - u = -0 + 2, -5*u - 30 = 5*f. What is the units digit of (5/(-15))/(f/18)?
6
Let h(v) = 2 - 2 + 3 - 2 + v. What is the units digit of h(6)?
7
Suppose 3*y + 4 - 10 = 0. Suppose -y*i + 22 = -3*m - m, 3*m + 44 = -4*i. What is the units digit of (2/8)/((-2)/m)?
1
Suppose 63 + 237 = 3*m. What is the tens digit of m?
0
Suppose 7*m + m = 872. What is the tens digit of m?
0
Let k be -24 + (-2 - -3) + 0. Let n = -14 - k. Suppose 30 = 3*p + n. What is the units digit of p?
7
Let w = -1 + 6. Let l = -3 + w. Suppose -4*z = -4*s - 8, 0 = s - l*s + 2. What is the units digit of z?
4
Suppose 15 = -0*z - 3*z. Let x = z + 6. What is the units digit of x?
1
Let u(d) = 13*d**3 + 2*d - 4. What is the hundreds digit of u(3)?
3
Let j(o) be the second derivative of -5*o**3/3 - 5*o. What is the units digit of j(-1)?
0
Let z be (1 - 4) + -5 + 2. What is the units digit of 16/(-6)*z/4?
4
Suppose -5*r + 25 = 0, 5*q + 5*r + 40 = r. Let a = q + 23. What is the units digit of a?
1
What is the tens digit of (-1 - (-30)/26) + 3454/26?
3
What is the units digit of (2 - 184/20)/(3/(-10))?
4
Suppose -90 = -3*c - 0*c. What is the units digit of c?
0
Let s(d) = d**3 + 2*d**2 + 5*d - 4. What is the units digit of s(3)?
6
Let b(r) = 2*r**3 + 2*r**2 - 2*r - 2. Suppose 2*j - 25 = -3*j. Let u be (-6)/(-12)*(j + -1). What is the tens digit of b(u)?
1
Let g be 1/((2/(-11))/2). Let x = g - -15. What is the units digit of 30/(-4)*x/(-5)?
6
Suppose 0*n - 25 = -3*p + 2*n, 0 = -2*p + 2*n + 20. Let x = -5 + p. Suppose x = o + 3*o - 8. What is the units digit of o?
2
Let b(d) = d**3 - 2*d**2. Let g be b(2). Suppose r + g*r = 11. What is the tens digit of (1 - r)*(-3 + 2)?
1
Let h(z) = z**3 + z**2 + z. Let m(n) = -2*n**3 - 8*n**2 - 7*n + 2. Let p(g) = -3*h(g) - m(g). What is the units digit of p(5)?
8
Let v(o) = 2*o**2 + 14*o - 8. What is the units digit of v(-9)?
8
Let q(z) = -5*z**3 + z + 1. Let b be q(-1). Suppose -21 = b*l - 106. What is the tens digit of l?
1
Suppose -s - 4 = -0, 4*b + 2*s - 300 = 0. What is the units digit of b?
7
Let f be 2 + (-3 - (-1 - 1)). What is the units digit of 0 + f + (-6 - -7)?
2
Let r(z) = -z**3 - z - 1. Let w(l) = -61*l**3 - l**2 - 6*l - 4. Let n(h) = 5*r(h) - w(h). What is the tens digit of n(1)?
5
Suppose 0 = 2*h - 4*s + 72, -h + 5*s - 40 = -13. Let f = h + 77. What is the units digit of f?
5
What is the hundreds digit of (-150)/(-6)*(-4)/(-1)?
1
Suppose -4*z + 2*n + 0*n = 26, 2*n - 17 = 3*z. Let s = -4 - z. Suppose s*o - o = 64. What is the tens digit of o?
1
Let v be 3/2*(-16)/(-6). Let a = v + -3. Suppose -2*k - 11 = -2*m - a, 5*k + 19 = 2*m. What is the units digit of m?
2
What is the units digit of -28*3/9*-6?
6
Suppose 3*p = 2*p + 4. Let g = p - 1. Suppose -2*m - g*q + 1 = 0, 2*q + 27 = 3*m - 2*q. What is the units digit of m?
5
Let l(i) = -i - 1. Let k(j) = -5*j - 4. Let r(b) = 2*k(b) - 9*l(b). Let d be r(-4). Let c = 11 - d. What is the units digit of c?
6
Let r be 2/(-2*(-2)/(-30)). Let l be (-18)/r*(-10)/(-4). Let o(s) = -s**3 + 3*s**2 + 3*s - 1. What is the units digit of o(l)?
8
Let a(m) be the first derivative of 9/2*m**2 - 1/3*m**3 - 4*m + 3. What is the units digit of a(7)?
0
Let m(q) = q + 17. Let c be 0*(3/(-6) + 1). Let n be m(c). What is the tens digit of (n/3)/((-2)/(-6))?
1
Let c(b) = b**2 + 4*b + 15. What is the tens digit of c(-7)?
3
Suppose 0*l + l = 11. What is the tens digit of l?
1
Let i(z) = z**3 + 12*z**2 + 8*z + 11. What is the tens digit of i(-11)?
4
Suppose -24 = -5*q + h - 2*h, -5*h = -